 Give x(1897).
1
Let g(a) = -190*a**2 + 1031*a - 409. Give g(5).
-4
Let v(j) = -j**3 + 20*j**2 + 54*j - 62. Calculate v(23).
-407
Let v(o) = -3*o**3 - 218*o**2 - 179*o + 124. Calculate v(-72).
2644
Let f(b) = -3*b**2 - 402*b - 2242. Determine f(-6).
62
Let d(o) = -12*o**3 + 5*o**2 + 96*o + 428. Determine d(-6).
2624
Let d(b) = b**3 + 869*b**2 - 19601*b - 33. Calculate d(22).
-11
Let y(w) = -183462*w - 1284228. Calculate y(-7).
6
Let j(q) = 5*q**2 + 12*q - 79134. Determine j(-127).
-13
Let r(d) = -3*d**3 + 249*d**2 + 9*d - 291. What is r(83)?
456
Let d(t) = -476*t - 16064. Give d(-34).
120
Let s(z) = -18*z**2 + 84*z + 5986. Give s(-16).
34
Let x(l) = 2119*l + 24692. Calculate x(-12).
-736
Let v(j) = 13778*j - 67686. Calculate v(5).
1204
Let d(z) = -25050*z - 175380. Determine d(-7).
-30
Let z(w) = 2*w**3 + 2*w**2 + 850*w + 5080. Give z(-6).
-380
Let v(n) = 2*n**2 + 48*n + 1794. Give v(0).
1794
Let b(p) = 22213*p + 1954767. Determine b(-88).
23
Let w(f) = 11251*f + 1149. Determine w(0).
1149
Let c(h) = h**3 + 162*h**2 + 294*h - 4166. Calculate c(-160).
-6
Let l(g) = 5*g**3 + 490*g**2 + 62*g + 6081. What is l(-98)?
5
Let g(c) = 334*c**2 - 17434*c - 17434. Calculate g(-1).
334
Let o(f) = -3*f**2 - 484*f + 16730. What is o(29)?
171
Let k(j) = 3500*j**2 - 129465*j - 1301. Determine k(37).
-6
Let a(f) = -f**2 - 77*f - 1349. What is a(-40)?
131
Let l(w) = w**3 + 13*w**2 - 487*w - 41. Determine l(16).
-409
Let n(z) = -735*z - 27197. What is n(-37)?
-2
Let t(m) = 13*m**2 + 1477*m + 886. What is t(-113)?
-18
Let n(s) = -6*s**3 + 14*s**2 - 134*s + 693. Determine n(5).
-377
Let j(s) = -s**3 + 240*s**2 + 1516*s + 165. What is j(-6)?
-75
Let m(x) = -x**2 - 6860*x - 3930416. Calculate m(-631).
83
Let b(i) = -117*i**3 + i**2 + 12*i - 14. Give b(1).
-118
Let x(h) = h**3 - 155*h**2 + 4766*h + 5581. Calculate x(112).
-19
Let s(v) = -25*v**3 - v**2 - 3792*v - 3793. Calculate s(-1).
23
Let r(k) = 7*k**3 + 797*k**2 - 104*k + 1162. Calculate r(-114).
22
Let u(j) = -j**3 + 112*j**2 - 1158*j + 13998. Give u(102).
-78
Let t(i) = 116*i**2 + 967*i + 1795. Give t(-3).
-62
Let f(l) = -24255*l + 8804565. What is f(363)?
0
Let s(l) = l**3 + 20*l**2 - 38*l - 50. Give s(-13).
1627
Let p(o) = -o**3 + 8*o**2 - 2834*o + 14109. Determine p(5).
14
Let q(m) = -m**3 + 80*m**2 + 1765*m + 25. Give q(98).
123
Let c(b) = -11*b**2 + 22*b + 2. Calculate c(8).
-526
Let y(j) = 38*j**2 + 3075*j - 3367. What is y(-82)?
-5
Let w(l) = 9658*l + 58703. What is w(-6)?
755
Let o(x) = 660*x - 2830. Calculate o(4).
-190
Let x(r) = 49014*r - 686362. Determine x(14).
-166
Let y(g) = 25*g**2 + 29*g - 386. Calculate y(4).
130
Let c(o) = 188*o**3 - 1618*o**2 - 2622*o + 9. What is c(10)?
-11
Let m(x) = -6*x**3 + 34*x**2 - 47*x + 344. Give m(6).
-10
Let n(h) = -2*h**3 - 4*h**2 + 955*h + 6468. Calculate n(-7).
273
Let m(w) = 2*w**3 + 283*w**2 + 1175*w - 7919. Give m(-137).
27
Let i(z) = -44985*z + 809716. Determine i(18).
-14
Let j(z) = 3*z**2 + 552*z + 17893. Give j(-140).
-587
Let o(b) = 216*b**2 + 520*b - 4. Give o(-2).
-180
Let x(b) = -b**2 + 96*b - 1265. Determine x(81).
-50
Let q(b) = 24*b**2 - 2244*b - 649. Calculate q(93).
-1765
Let q(s) = 191*s**3 - 432*s**2 + 23*s - 17. Calculate q(2).
-171
Let b(c) = -c**2 + 204755*c + 1023793. Calculate b(-5).
-7
Let b(o) = -49*o**2 - 81*o + 25. Give b(-2).
-9
Let n(k) = 910*k + 11141. Determine n(-7).
4771
Let u(y) = 6372*y + 414110. Calculate u(-65).
-70
Let w(d) = 10*d**3 + 258*d**2 - 18*d + 890. Give w(-26).
6
Let t(v) = 330*v + 4857. Determine t(-15).
-93
Let t(c) = -c**2 + 64482*c - 37443060. Calculate t(586).
-4
Let f(y) = 15*y - 2803. Give f(179).
-118
Let q(p) = 2*p**2 - 1058*p + 18082. Give q(17).
674
Let k(c) = 2*c**3 + c**2 + 26*c - 477. Determine k(9).
1296
Let y(l) = -528*l + 16367. What is y(33)?
-1057
Let u(g) = 75334*g**2 + 75338*g - 2. Calculate u(-1).
-6
Let g(m) = 9041*m - 334438. What is g(37)?
79
Let s(o) = -779*o - 134098. Determine s(-172).
-110
Let i(t) = -2*t**2 + 1601*t - 35801. Calculate i(23).
-36
Let d(c) = 7*c**2 - 895*c - 41414. What is d(164)?
78
Let r(z) = 2*z**2 - 58*z + 2169. What is r(0)?
2169
Let r(m) = -21*m**2 + 4620*m + 329. Calculate r(220).
329
Let a(j) = -344*j - 49978. Determine a(-145).
-98
Let f(p) = -p**2 + 59*p - 259. Calculate f(54).
11
Let o(i) = -5174*i + 357035. Calculate o(69).
29
Let r(g) = -64*g + 11384. Give r(197).
-1224
Let z(a) = 25*a**2 + 767*a - 17303. What is z(15)?
-173
Let k(b) = 2200*b + 26617. Determine k(-12).
217
Let w(l) = -5*l**2 + 830*l + 4094. Calculate w(-5).
-181
Let t(n) = -1735*n - 163092. Give t(-94).
-2
Let a(y) = 12*y**2 + 762*y + 403. What is a(-63)?
25
Let w(r) = -r**3 - 3*r**2 - 10608*r - 53083. Calculate w(-5).
7
Let i(l) = 2*l**2 + 23243*l - 116163. What is i(5)?
102
Let p(j) = 2*j**3 - 16*j**2 + 408*j - 3656. What is p(9)?
178
Let x(u) = -622*u + 46467. Give x(75).
-183
Let t(m) = -390*m + 56960. Calculate t(146).
20
Let j(v) = -13*v**2 + 1308*v + 5271. Determine j(-4).
-169
Let z(f) = 2*f**2 + 145*f - 298057. Give z(-424).
15
Let f(b) = 2284*b - 73117. Give f(32).
-29
Let x(y) = 1338*y - 357478. What is x(267)?
-232
Let w(l) = 4*l**3 + 1640*l**2 + 6504*l + 3256. What is w(-406)?
8
Let b(x) = 10311*x - 1618825. Give b(157).
2
Let a(w) = -599*w - 28118. Calculate a(-47).
35
Let o(r) = r**3 + 74*r**2 + 929*r - 729. What is o(-17)?
-49
Let f(q) = -2261*q - 4549. Calculate f(-2).
-27
Let v(f) = 2*f**3 + 2118*f**2 + 20990*f + 102. Give v(-10).
2
Let o(i) = 17564*i - 1159243. Determine o(66).
-19
Let w(t) = t**2 + 79*t - 147. Calculate w(-42).
-1701
Let c(y) = y**3 - 5*y**2 - 184*y + 27. Calculate c(17).
367
Let y(m) = -m**3 + 156*m**2 + m - 449. Determine y(156).
-293
Let j(u) = -256*u - 21030. Determine j(-82).
-38
Let w(o) = -2283636*o - 15985450. Determine w(-7).
2
Let t(h) = -8*h**2 - 221*h - 736. What is t(-24)?
-40
Let u(c) = c**3 - 36*c**2 + 255*c - 2699. Give u(31).
401
Let j(y) = 8*y**3 - 3558*y**2 - 8095*y + 21902. What is j(447)?
-1
Let w(p) = 3*p**3 + 22*p**2 + 108*p + 473. Calculate w(-10).
-1407
Let l(f) = -42*f - 830. Calculate l(47).
-2804
Let f(j) = -11*j**2 + 1053*j - 2843. What is f(93)?
-53
Let s(z) = z**2 - 87*z + 526. Calculate s(98).
1604
Let x(l) = -3*l**3 + 439*l**2 - 308*l + 23657. Determine x(146).
5
Let z(w) = -w**2 + 8512*w - 288231. Determine z(34).
21
Let k(j) = -j**3 - 17*j**2 + 526*j + 8616. Calculate k(-16).
-56
Let x(q) = 21*q**2 + 76*q - 362. Calculate x(5).
543
Let f(y) = -2914*y - 865446. Calculate f(-297).
12
Let h(w) = -135*w - 45. What is h(9)?
-1260
Let k(l) = -4107*l**2 - 12335*l - 11. Give k(-3).
31
Let b(h) = 38559*h - 46926298. What is b(1217)?
5
Let k(j) = -j**3 - 2*j**2 - 1473*j - 5947. Calculate k(-4).
-23
Let x(z) = 3*z**3 + 1836*z**2 + 3606*z - 32943. What is x(-610)?
-3
Let d(z) = -z**2 - 52228*z + 7121513. Determine d(136).
9
Let q(d) = -2*d**3 - 1003*d**2 - 5456*d - 218. Calculate q(-496).
-218
Let y(z) = -46*z**3 + 1543*z**2 - 12586*z - 2. Calculate y(14).
-2
Let o(u) = -4576613*u - 9153228. Calculate o(-2).
-2
Let z(v) = -3*v**3 - 6*v**2 + 888*v + 1807. What is z(-2)?
31
Let i(v) = 11*v**3 + 9*v**2 - 7*v - 37. Calculate i(3).
320
Let z(o) = -2414*o + 34101. What is z(14)?
305
Let l(r) = -12*r**2 + 725*r + 10160. Determine l(-14).
-2342
Let s(a) = -a**2 - 112*a - 1773. Calculate s(-89).
274
Let k(u) = -24*u**2 + 3470*u - 93080. Calculate k(109).
6
Let t(q) = -15*q**2 - 1046*q + 6223. Give t(6).
-593
Let b(w) = -7*w**3 - 11*w**2 - 58*w - 76. Give b(-5).
814
Let c(j) = 115572*j + 577829. Calculate c(-5).
-31
Let q(g) = -18*g**2 - 81*g - 475. Give q(-8).
-979
Let o(c) = 45013*c + 270093. Calculate o(-6).
15
Let d(i) = -13851*i - 96965. Give d(-7).
-8
Let u(s) = 81*s + 1211. What is u(-12)?
239
Let o(v) = -v**2 - 39758*v + 397774. Give o(10).
94
Let z(i) = 3*i**3 - 427*i**2 + 3727*i - 429. Determine z(133).
-30
Let f(h) = 1704*h + 83504. Give f(-49).
8
Let s(i) = 16*i**2 - 200*i + 1545. Calculate s(8).
969
Let q(i) = 3*i**3 - 742*i**2 + 45537*i + 251. Determine q(113).
25
Let i(j) = 2671*j - 199749. Calculate i(75).
576
Let o(w) = -2*w**3 + 24*w**2 + 25*w - 270. Give o(12).
30
Let m(h) = -995*h - 66664. Give m(-67).
1
Let g(a) = -1771*a - 18025. What is g(-10)?
-315
Let j(g) = 14006*g - 14019997. Determine j(1001).
9
Let t(f) = 2*